the remainder when 23 is divided by 7?
2
Calculate the remainder when 54 is divided by 22.
10
Calculate the remainder when 1342 is divided by 28.
26
What is the remainder when 4369 is divided by 10?
9
What is the remainder when 504 is divided by 237?
30
What is the remainder when 207 is divided by 7?
4
Calculate the remainder when 1833 is divided by 600.
33
Calculate the remainder when 108 is divided by 21.
3
What is the remainder when 83 is divided by 25?
8
Calculate the remainder when 2515 is divided by 224.
51
What is the remainder when 3873 is divided by 259?
247
Calculate the remainder when 1747 is divided by 871.
5
What is the remainder when 201 is divided by 69?
63
Calculate the remainder when 102 is divided by 43.
16
What is the remainder when 489 is divided by 14?
13
Calculate the remainder when 500 is divided by 24.
20
What is the remainder when 415 is divided by 12?
7
What is the remainder when 663 is divided by 118?
73
Calculate the remainder when 1008 is divided by 51.
39
Calculate the remainder when 5059 is divided by 299.
275
What is the remainder when 383 is divided by 224?
159
What is the remainder when 215 is divided by 26?
7
What is the remainder when 1379 is divided by 60?
59
What is the remainder when 249 is divided by 36?
33
What is the remainder when 315 is divided by 42?
21
Calculate the remainder when 13748 is divided by 22.
20
Calculate the remainder when 2101 is divided by 103.
41
Calculate the remainder when 85 is divided by 20.
5
What is the remainder when 2699 is divided by 59?
44
What is the remainder when 61 is divided by 18?
7
Calculate the remainder when 186 is divided by 65.
56
What is the remainder when 46 is divided by 14?
4
Calculate the remainder when 58 is divided by 24.
10
What is the remainder when 17663 is divided by 69?
68
Calculate the remainder when 245 is divided by 65.
50
What is the remainder when 15 is divided by 10?
5
Calculate the remainder when 4620 is divided by 201.
198
What is the remainder when 603 is divided by 99?
9
What is the remainder when 2560 is divided by 1267?
26
Calculate the remainder when 44 is divided by 12.
8
What is the remainder when 213 is divided by 9?
6
Calculate the remainder when 180 is divided by 54.
18
What is the remainder when 352 is divided by 20?
12
Calculate the remainder when 561 is divided by 139.
5
What is the remainder when 640 is divided by 92?
88
What is the remainder when 56 is divided by 20?
16
What is the remainder when 43 is divided by 23?
20
Calculate the remainder when 438 is divided by 14.
4
Calculate the remainder when 39 is divided by 7.
4
Calculate the remainder when 249 is divided by 14.
11
Calculate the remainder when 270 is divided by 50.
20
What is the remainder when 443 is divided by 144?
11
Calculate the remainder when 79 is divided by 23.
10
What is the remainder when 2718 is divided by 32?
30
What is the remainder when 2898 is divided by 43?
17
Calculate the remainder when 232 is divided by 3.
1
Calculate the remainder when 31 is divided by 5.
1
What is the remainder when 21 is divided by 6?
3
Calculate the remainder when 776 is divided by 37.
36
What is the remainder when 1277 is divided by 61?
57
What is the remainder when 600 is divided by 195?
15
What is the remainder when 656 is divided by 212?
20
Calculate the remainder when 1269 is divided by 14.
9
What is the remainder when 89 is divided by 2?
1
Calculate the remainder when 48 is divided by 5.
3
What is the remainder when 317 is divided by 40?
37
Calculate the remainder when 418 is divided by 10.
8
Calculate the remainder when 1054 is divided by 22.
20
What is the remainder when 483 is divided by 140?
63
What is the remainder when 173 is divided by 59?
55
Calculate the remainder when 834 is divided by 274.
12
Calculate the remainder when 306 is divided by 16.
2
What is the remainder when 1333 is divided by 15?
13
What is the remainder when 37 is divided by 5?
2
Calculate the remainder when 77 is divided by 43.
34
Calculate the remainder when 737 is divided by 53.
48
Calculate the remainder when 183 is divided by 121.
62
Calculate the remainder when 317 is divided by 106.
105
Calculate the remainder when 225 is divided by 12.
9
Calculate the remainder when 2275 is divided by 44.
31
Calculate the remainder when 383 is divided by 24.
23
What is the remainder when 129 is divided by 12?
9
Calculate the remainder when 173 is divided by 78.
17
Calculate the remainder when 1598 is divided by 798.
2
What is the remainder when 109 is divided by 10?
9
Calculate the remainder when 3073 is divided by 182.
161
Calculate the remainder when 79 is divided by 28.
23
What is the remainder when 8553 is divided by 182?
181
What is the remainder when 9797 is divided by 6?
5
Calculate the remainder when 5541 is divided by 94.
89
What is the remainder when 979 is divided by 20?
19
Calculate the remainder when 329 is divided by 111.
107
What is the remainder when 70 is divided by 46?
24
Calculate the remainder when 598 is divided by 25.
23
What is the remainder when 441 is divided by 17?
16
Calculate the remainder when 2890 is divided by 206.
6
Calculate the remainder when 981 is divided by 488.
5
What is the remainder when 150 is divided by 24?
6
Calculate the remainder when 2912 is divided by 27.
23
Calculate the remainder when 222 is divided by 4.
2
Calculate the remainder when 8702 is divided by 28.
22
What is the remainder when 7 is divided by 4?
3
What is the remainder when 104 is divided by 3?
2
What is the remainder when 96 is divided by 8?
0
Calculate the remainder when 125 is divided by 30.
5
What is the remainder when 25 is divided by 4?
1
Calculate the remainder when 2425 is divided by 135.
130
Calculate the remainder when 386 is divided by 6.
2
What is the remainder when 86 is divided by 30?
26
Calculate the remainder when 518 is divided by 23.
12
What is the remainder when 72 is divided by 40?
32
What is the remainder when 95 is divided by 56?
39
What is the remainder when 113 is divided by 6?
5
What is the remainder when 92 is divided by 39?
14
Calculate the remainder when 322 is divided by 59.
27
What is the remainder when 18 is divided by 10?
8
What is the remainder when 323 is divided by 73?
31
Calculate the remainder when 390 is divided by 17.
16
Calculate the remainder when 323 is divided by 81.
80
What is the remainder when 490 is divided by 18?
4
Calculate the remainder when 347 is divided by 108.
23
What is the remainder when 196 is divided by 53?
37
What is the remainder when 1551 is divided by 111?
108
Calculate the remainder when 328 is divided by 229.
99
Calculate the remainder when 68 is divided by 14.
12
What is the remainder when 578 is divided by 283?
12
What is the remainder when 59 is divided by 30?
29
Calculate the remainder when 27 is divided by 5.
2
Calculate the remainder when 64 is divided by 25.
14
Calculate the remainder when 131 is divided by 56.
19
What is the remainder when 146 is divided by 10?
6
Calculate the remainder when 2698 is divided by 245.
3
Calculate the remainder when 223 is divided by 23.
16
Calculate the remainder when 3253 is divided by 44.
41
What is the remainder when 1182 is divided by 18?
12
Calculate the remainder when 9565 is divided by 9.
7
What is the remainder when 1529 is divided by 51?
50
What is the remainder when 15870 is divided by 11?
8
What is the remainder when 144 is divided by 25?
19
What is the remainder when 479 is divided by 21?
17
What is the remainder when 243 is divided by 42?
33
Calculate the remainder when 392 is divided by 76.
12
Calculate the remainder when 333 is divided by 105.
18
What is the remainder when 31 is divided by 18?
13
Calculate the remainder when 1603 is divided by 28.
7
Calculate the remainder when 152 is divided by 42.
26
Calculate the remainder when 1462 is divided by 61.
59
What is the remainder when 505 is divided by 140?
85
What is the remainder when 89 is divided by 6?
5
What is the remainder when 4137 is divided by 9?
6
Calculate the remainder when 80 is divided by 57.
23
What is the remainder when 13 is divided by 11?
2
Calculate the remainder when 587 is divided by 89.
53
What is the remainder when 44 is divided by 10?
4
Calculate the remainder when 2856 is divided by 65.
61
What is the r